{"id":41,"date":"2024-04-30T08:56:42","date_gmt":"2024-04-30T08:56:42","guid":{"rendered":"https:\/\/tgzserramenti.it\/?page_id=41"},"modified":"2024-06-12T19:24:19","modified_gmt":"2024-06-12T19:24:19","slug":"chi-siamo","status":"publish","type":"page","link":"https:\/\/tgzserramenti.it\/index.php\/chi-siamo\/","title":{"rendered":"Chi siamo"},"content":{"rendered":"<div class=\"wpb-content-wrapper\"><p>[vc_row row_height_percent=&#8221;0&#8243; override_padding=&#8221;yes&#8221; h_padding=&#8221;2&#8243; top_padding=&#8221;4&#8243; bottom_padding=&#8221;4&#8243; back_color=&#8221;color-xsdn&#8221; overlay_alpha=&#8221;0&#8243; gutter_size=&#8221;3&#8243; column_width_percent=&#8221;100&#8243; shift_y=&#8221;0&#8243; z_index=&#8221;0&#8243; top_divider=&#8221;gradient&#8221; row_name=&#8221;Welcome&#8221; uncode_shortcode_id=&#8221;144355&#8243; back_color_type=&#8221;uncode-palette&#8221;][vc_column column_width_use_pixel=&#8221;yes&#8221; position_vertical=&#8221;middle&#8221; align_horizontal=&#8221;align_center&#8221; gutter_size=&#8221;3&#8243; style=&#8221;dark&#8221; overlay_alpha=&#8221;50&#8243; shift_x=&#8221;0&#8243; shift_y=&#8221;0&#8243; shift_y_down=&#8221;0&#8243; z_index=&#8221;0&#8243; medium_width=&#8221;0&#8243; mobile_width=&#8221;0&#8243; zoom_width=&#8221;0&#8243; zoom_height=&#8221;0&#8243; width=&#8221;1\/1&#8243; column_width_pixel=&#8221;900&#8243;][vc_icon icon_image=&#8221;106&#8243; media_size=&#8221;100px&#8221; uncode_shortcode_id=&#8221;970890&#8243;][\/vc_icon][vc_custom_heading text_color=&#8221;color-prif&#8221; text_size=&#8221;fontsize-898533&#8243; text_weight=&#8221;500&#8243; uncode_shortcode_id=&#8221;560346&#8243; text_color_type=&#8221;uncode-palette&#8221;]TGZ Serramenti[\/vc_custom_heading][\/vc_column][\/vc_row][vc_row row_height_percent=&#8221;0&#8243; override_padding=&#8221;yes&#8221; h_padding=&#8221;2&#8243; top_padding=&#8221;5&#8243; bottom_padding=&#8221;5&#8243; overlay_alpha=&#8221;50&#8243; gutter_size=&#8221;4&#8243; column_width_percent=&#8221;100&#8243; shift_y=&#8221;0&#8243; z_index=&#8221;1&#8243; top_divider=&#8221;gradient&#8221; bottom_divider=&#8221;gradient&#8221;][vc_column column_width_percent=&#8221;100&#8243; gutter_size=&#8221;2&#8243; overlay_alpha=&#8221;50&#8243; shift_x=&#8221;0&#8243; shift_y=&#8221;0&#8243; shift_y_down=&#8221;0&#8243; z_index=&#8221;0&#8243; medium_width=&#8221;0&#8243; mobile_width=&#8221;0&#8243; css_animation=&#8221;left-t-right&#8221; width=&#8221;1\/3&#8243; uncode_shortcode_id=&#8221;770457&#8243;][vc_custom_heading text_color=&#8221;accent&#8221; heading_semantic=&#8221;h6&#8243; text_size=&#8221;fontsize-114521&#8243; text_transform=&#8221;uppercase&#8221; text_space=&#8221;fontspace-107483&#8243; uncode_shortcode_id=&#8221;414181&#8243; text_color_type=&#8221;uncode-palette&#8221;]Chi siamo[\/vc_custom_heading][vc_custom_heading heading_semantic=&#8221;h3&#8243; text_size=&#8221;h3&#8243; text_weight=&#8221;400&#8243; uncode_shortcode_id=&#8221;764830&#8243;]TGZ Serramenti, da oltre 15 anni le tue porte e finestre ad Azzano Decimo[\/vc_custom_heading][\/vc_column][vc_column column_width_percent=&#8221;100&#8243; gutter_size=&#8221;3&#8243; font_family=&#8221;font-136269&#8243; overlay_alpha=&#8221;50&#8243; shift_x=&#8221;0&#8243; shift_y=&#8221;0&#8243; shift_y_down=&#8221;0&#8243; z_index=&#8221;0&#8243; medium_width=&#8221;0&#8243; mobile_width=&#8221;0&#8243; width=&#8221;1\/3&#8243; uncode_shortcode_id=&#8221;139508&#8243;][vc_column_text uncode_shortcode_id=&#8221;804322&#8243;]Stai cercando delle nuove porte e finestre a risparmio energetico per la tua casa? Affidati a TGZ Serramenti e scopri tutti i modi in cui possiamo aiutarti a rendere i tuoi spazi pi\u00f9 efficienti e confortevoli. La nostra azienda &#8211; che vanta una solida reputazione nel territorio &#8211; prende vita come marchio di TG S.r.l. nel 2009, grazie all\u2019esperienza trentennale nel settore degli infissi del pap\u00e0 Gianfranco Zamuner. Tempo e dedizione sono i principali valori che contraddistinguono la nostra realt\u00e0, nata dalla volont\u00e0 di crescere professionalmente nel mondo dei serramenti.[\/vc_column_text][\/vc_column][vc_column column_width_percent=&#8221;100&#8243; gutter_size=&#8221;3&#8243; font_family=&#8221;font-136269&#8243; overlay_alpha=&#8221;50&#8243; shift_x=&#8221;0&#8243; shift_y=&#8221;0&#8243; shift_y_down=&#8221;0&#8243; z_index=&#8221;0&#8243; medium_width=&#8221;0&#8243; mobile_width=&#8221;0&#8243; width=&#8221;1\/3&#8243; uncode_shortcode_id=&#8221;183555&#8243;][vc_column_text uncode_shortcode_id=&#8221;409464&#8243;]Nella staffetta di famiglia, verso lo sviluppo e il raggiungimento di nuovi obiettivi si susseguono i figli Massimo e Alberto, che con costante impegno e passione decidono nel 2020 di investire in una nuova struttura, sempre dedicata alla produzione dei serramenti in alluminio e vendita dei serramenti in PVC. La continua ricerca di nuove soluzioni ha poi portato l\u2019azienda ad acquisire un\u2019ampia gamma di prodotti e servizi, con l\u2019obiettivo di fornire al cliente un pacchetto completo chiavi in mano.[\/vc_column_text][\/vc_column][\/vc_row][vc_row row_height_percent=&#8221;0&#8243; override_padding=&#8221;yes&#8221; h_padding=&#8221;2&#8243; top_padding=&#8221;4&#8243; bottom_padding=&#8221;4&#8243; back_color=&#8221;color-prif&#8221; overlay_alpha=&#8221;50&#8243; gutter_size=&#8221;3&#8243; column_width_percent=&#8221;100&#8243; shift_y=&#8221;0&#8243; z_index=&#8221;0&#8243; top_divider=&#8221;fan-opacity&#8221; bottom_divider=&#8221;swoosh-opacity&#8221; uncode_shortcode_id=&#8221;696116&#8243; back_color_type=&#8221;uncode-palette&#8221;][vc_column column_width_use_pixel=&#8221;yes&#8221; align_horizontal=&#8221;align_center&#8221; gutter_size=&#8221;3&#8243; font_family=&#8221;font-136269&#8243; overlay_alpha=&#8221;50&#8243; shift_x=&#8221;0&#8243; shift_y=&#8221;0&#8243; shift_y_down=&#8221;0&#8243; z_index=&#8221;0&#8243; medium_width=&#8221;0&#8243; mobile_width=&#8221;0&#8243; width=&#8221;1\/1&#8243; column_width_pixel=&#8221;600&#8243; uncode_shortcode_id=&#8221;318710&#8243;][vc_row_inner row_inner_height_percent=&#8221;0&#8243; back_color=&#8221;color-prif&#8221; overlay_alpha=&#8221;50&#8243; gutter_size=&#8221;3&#8243; shift_y=&#8221;0&#8243; z_index=&#8221;0&#8243; limit_content=&#8221;&#8221; uncode_shortcode_id=&#8221;116319&#8243; back_color_type=&#8221;uncode-palette&#8221;][vc_column_inner column_width_percent=&#8221;100&#8243; align_horizontal=&#8221;align_center&#8221; gutter_size=&#8221;2&#8243; overlay_alpha=&#8221;50&#8243; shift_x=&#8221;0&#8243; shift_y=&#8221;0&#8243; shift_y_down=&#8221;0&#8243; z_index=&#8221;0&#8243; medium_width=&#8221;0&#8243; mobile_width=&#8221;0&#8243; width=&#8221;1\/1&#8243;][vc_empty_space empty_h=&#8221;2&#8243;][vc_custom_heading text_color=&#8221;accent&#8221; heading_semantic=&#8221;h6&#8243; text_size=&#8221;fontsize-114521&#8243; text_transform=&#8221;uppercase&#8221; text_space=&#8221;fontspace-107483&#8243; uncode_shortcode_id=&#8221;431629&#8243; text_color_type=&#8221;uncode-palette&#8221;]Il nostro showroom[\/vc_custom_heading][vc_custom_heading text_color=&#8221;color-xsdn&#8221; heading_semantic=&#8221;h3&#8243; text_size=&#8221;h1&#8243; text_weight=&#8221;400&#8243; sub_lead=&#8221;yes&#8221; uncode_shortcode_id=&#8221;182634&#8243; text_color_type=&#8221;uncode-palette&#8221;]In provincia di Pordenone i migliori infissi sono firmati TGZ Serramenti[\/vc_custom_heading][vc_column_text uncode_shortcode_id=&#8221;925119&#8243;]Oltre alle vendita di porte e finestre in alluminio e in PVC, TGZ Serramenti \u00e8 in grado di offrire tutto ci\u00f2 che \u00e8 complemento delle stesse, come scuri, monoblocchi a scomparsa, diversi sistemi di oscuramento, portoncini d\u2019ingresso, porte blindate, porte interne e molto altro ancora. La costante formazione e i continui aggiornamenti rivolti alle nuove tecnologie sono i punti di forza per il comparto produttivo dedicato all\u2019alluminio; mentre la ricerca di nuovi materiali e la collaborazione con marchi premium consolidati hanno portato alla nascita del nuovo showroom nel 2021. Ci\u00f2 che fa la differenza per\u00f2, non sono soltanto i prodotti offerti. L\u2019obiettivo \u00e8 quello di garantire a ciascun cliente la migliore soluzione possibile per la sua casa, affiancando ai prodotti un\u2019offerta di servizi completa e personalizzata. Lo Staff di TGZ \u00e8 giovane e dinamico, specializzato in ogni fase del percorso di affiancamento al cliente: dalla progettazione alla consulenza commerciale (anche in materia fiscale). Non meno importante, viene garantita un\u2019installazione di qualit\u00e0 eseguita da posatori professionisti, dove precisione e pulizia sono gli elementi fondamentali per la soddisfazione del cliente. Tutti questi elementi rendono TGZ Serramenti la scelta migliore per l\u2019acquisto di nuove porte e finestre per la vostra casa.[\/vc_column_text][\/vc_column_inner][\/vc_row_inner][\/vc_column][\/vc_row][vc_row row_height_percent=&#8221;0&#8243; override_padding=&#8221;yes&#8221; h_padding=&#8221;2&#8243; top_padding=&#8221;4&#8243; bottom_padding=&#8221;4&#8243; back_color=&#8221;color-lxmt&#8221; overlay_alpha=&#8221;50&#8243; gutter_size=&#8221;3&#8243; column_width_percent=&#8221;100&#8243; shift_y=&#8221;0&#8243; z_index=&#8221;0&#8243; top_divider=&#8221;fan-opacity&#8221; bottom_divider=&#8221;swoosh-opacity&#8221; uncode_shortcode_id=&#8221;899590&#8243; back_color_type=&#8221;uncode-palette&#8221;][vc_column column_width_use_pixel=&#8221;yes&#8221; align_horizontal=&#8221;align_center&#8221; gutter_size=&#8221;3&#8243; font_family=&#8221;font-136269&#8243; overlay_alpha=&#8221;50&#8243; shift_x=&#8221;0&#8243; shift_y=&#8221;0&#8243; shift_y_down=&#8221;0&#8243; z_index=&#8221;0&#8243; medium_width=&#8221;0&#8243; mobile_width=&#8221;0&#8243; width=&#8221;1\/1&#8243; column_width_pixel=&#8221;600&#8243; uncode_shortcode_id=&#8221;318710&#8243;][vc_row_inner row_inner_height_percent=&#8221;0&#8243; back_color=&#8221;color-lxmt&#8221; overlay_alpha=&#8221;50&#8243; gutter_size=&#8221;3&#8243; shift_y=&#8221;0&#8243; z_index=&#8221;0&#8243; limit_content=&#8221;&#8221; uncode_shortcode_id=&#8221;191353&#8243; back_color_type=&#8221;uncode-palette&#8221;][vc_column_inner column_width_percent=&#8221;100&#8243; align_horizontal=&#8221;align_center&#8221; gutter_size=&#8221;2&#8243; overlay_alpha=&#8221;50&#8243; shift_x=&#8221;0&#8243; shift_y=&#8221;0&#8243; shift_y_down=&#8221;0&#8243; z_index=&#8221;0&#8243; medium_width=&#8221;0&#8243; mobile_width=&#8221;0&#8243; width=&#8221;1\/1&#8243;][vc_empty_space empty_h=&#8221;2&#8243;][vc_custom_heading text_color=&#8221;color-prif&#8221; heading_semantic=&#8221;h3&#8243; text_size=&#8221;h1&#8243; text_weight=&#8221;400&#8243; sub_lead=&#8221;yes&#8221; uncode_shortcode_id=&#8221;192466&#8243; text_color_type=&#8221;uncode-palette&#8221;]Vuoi saperne di pi\u00f9?[\/vc_custom_heading][vc_column_text uncode_shortcode_id=&#8221;214315&#8243;]Passa a trovarci: potrai ricevere una consulenza personalizzata e scegliere al meglio i prodotti perfetti per rendere i tuoi spazi pi\u00f9 efficienti, sicuri e confortevoli.[\/vc_column_text][\/vc_column_inner][\/vc_row_inner][vc_row_inner row_inner_height_percent=&#8221;0&#8243; back_color=&#8221;color-lxmt&#8221; overlay_alpha=&#8221;50&#8243; gutter_size=&#8221;3&#8243; shift_y=&#8221;0&#8243; z_index=&#8221;0&#8243; limit_content=&#8221;&#8221; uncode_shortcode_id=&#8221;184532&#8243; back_color_type=&#8221;uncode-palette&#8221;][vc_column_inner column_width_use_pixel=&#8221;yes&#8221; align_horizontal=&#8221;align_center&#8221; gutter_size=&#8221;3&#8243; overlay_alpha=&#8221;50&#8243; shift_x=&#8221;0&#8243; shift_y=&#8221;0&#8243; shift_y_down=&#8221;0&#8243; z_index=&#8221;0&#8243; medium_width=&#8221;0&#8243; mobile_width=&#8221;0&#8243; css_animation=&#8221;bottom-t-top&#8221; width=&#8221;1\/1&#8243; column_width_pixel=&#8221;400&#8243; uncode_shortcode_id=&#8221;131452&#8243;][vc_button button_color=&#8221;accent&#8221; custom_typo=&#8221;yes&#8221; font_family=&#8221;font-555555&#8243; font_weight=&#8221;600&#8243; border_width=&#8221;0&#8243; link=&#8221;url:https%3A%2F%2Ftgzserramenti.it%2Findex.php%2Fcontatti%2F|title:About%20Business&#8221; button_color_type=&#8221;uncode-palette&#8221; uncode_shortcode_id=&#8221;408328&#8243;]Contatti[\/vc_button][\/vc_column_inner][\/vc_row_inner][\/vc_column][\/vc_row][vc_row unlock_row_content=&#8221;yes&#8221; row_height_percent=&#8221;0&#8243; override_padding=&#8221;yes&#8221; h_padding=&#8221;2&#8243; top_padding=&#8221;2&#8243; bottom_padding=&#8221;2&#8243; overlay_alpha=&#8221;50&#8243; gutter_size=&#8221;3&#8243; column_width_percent=&#8221;100&#8243; shift_y=&#8221;0&#8243; z_index=&#8221;0&#8243; uncode_shortcode_id=&#8221;551492&#8243;][vc_column width=&#8221;1\/1&#8243;][vc_row_inner limit_content=&#8221;&#8221;][vc_column_inner column_width_percent=&#8221;100&#8243; align_horizontal=&#8221;align_center&#8221; gutter_size=&#8221;3&#8243; overlay_alpha=&#8221;50&#8243; shift_x=&#8221;0&#8243; shift_y=&#8221;0&#8243; shift_y_down=&#8221;0&#8243; z_index=&#8221;0&#8243; medium_width=&#8221;0&#8243; mobile_width=&#8221;0&#8243; width=&#8221;1\/1&#8243; uncode_shortcode_id=&#8221;141941&#8243;][vc_empty_space][vc_custom_heading text_color=&#8221;color-prif&#8221; heading_semantic=&#8221;h3&#8243; text_font=&#8221;font-134380&#8243; text_size=&#8221;h1&#8243; text_weight=&#8221;500&#8243; uncode_shortcode_id=&#8221;150191&#8243; text_color_type=&#8221;uncode-palette&#8221;]Showroom di Azzano Decimo[\/vc_custom_heading][vc_empty_space][\/vc_column_inner][\/vc_row_inner][vc_gallery el_id=&#8221;gallery-150146&#8243; medias=&#8221;280,281,282,283,284,285,286,287,288&#8243; style_preset=&#8221;metro&#8221; gutter_size=&#8221;3&#8243; screen_lg=&#8221;1000&#8243; screen_md=&#8221;600&#8243; screen_sm=&#8221;480&#8243; single_height=&#8221;3&#8243; single_overlay_opacity=&#8221;50&#8243; single_padding=&#8221;2&#8243; single_css_animation=&#8221;bottom-t-top&#8221; uncode_shortcode_id=&#8221;387214&#8243;][\/vc_column][\/vc_row]<\/p>\n<\/div>","protected":false},"excerpt":{"rendered":"<p>[vc_row row_height_percent=&#8221;0&#8243; override_padding=&#8221;yes&#8221; h_padding=&#8221;2&#8243; top_padding=&#8221;4&#8243; bottom_padding=&#8221;4&#8243; back_color=&#8221;color-xsdn&#8221; overlay_alpha=&#8221;0&#8243; gutter_size=&#8221;3&#8243; column_width_percent=&#8221;100&#8243; shift_y=&#8221;0&#8243; z_index=&#8221;0&#8243; top_divider=&#8221;gradient&#8221; row_name=&#8221;Welcome&#8221; uncode_shortcode_id=&#8221;144355&#8243; back_color_type=&#8221;uncode-palette&#8221;][vc_column column_width_use_pixel=&#8221;yes&#8221; position_vertical=&#8221;middle&#8221; align_horizontal=&#8221;align_center&#8221; gutter_size=&#8221;3&#8243; [&hellip;]<\/p>\n","protected":false},"author":1,"featured_media":0,"parent":0,"menu_order":0,"comment_status":"closed","ping_status":"closed","template":"","meta":{"footnotes":""},"class_list":["post-41","page","type-page","status-publish","hentry"],"_links":{"self":[{"href":"https:\/\/tgzserramenti.it\/index.php\/wp-json\/wp\/v2\/pages\/41","targetHints":{"allow":["GET"]}}],"collection":[{"href":"https:\/\/tgzserramenti.it\/index.php\/wp-json\/wp\/v2\/pages"}],"about":[{"href":"https:\/\/tgzserramenti.it\/index.php\/wp-json\/wp\/v2\/types\/page"}],"author":[{"embeddable":true,"href":"https:\/\/tgzserramenti.it\/index.php\/wp-json\/wp\/v2\/users\/1"}],"replies":[{"embeddable":true,"href":"https:\/\/tgzserramenti.it\/index.php\/wp-json\/wp\/v2\/comments?post=41"}],"version-history":[{"count":7,"href":"https:\/\/tgzserramenti.it\/index.php\/wp-json\/wp\/v2\/pages\/41\/revisions"}],"predecessor-version":[{"id":291,"href":"https:\/\/tgzserramenti.it\/index.php\/wp-json\/wp\/v2\/pages\/41\/revisions\/291"}],"wp:attachment":[{"href":"https:\/\/tgzserramenti.it\/index.php\/wp-json\/wp\/v2\/media?parent=41"}],"curies":[{"name":"wp","href":"https:\/\/api.w.org\/{rel}","templated":true}]}}