{"id":59,"date":"2024-04-30T09:02:34","date_gmt":"2024-04-30T09:02:34","guid":{"rendered":"https:\/\/tgzserramenti.it\/?page_id=59"},"modified":"2024-06-12T19:33:21","modified_gmt":"2024-06-12T19:33:21","slug":"tapparelle","status":"publish","type":"page","link":"https:\/\/tgzserramenti.it\/index.php\/tapparelle\/","title":{"rendered":"Tapparelle"},"content":{"rendered":"<div class=\"wpb-content-wrapper\"><p>[vc_row row_height_percent=&#8221;0&#8243; override_padding=&#8221;yes&#8221; h_padding=&#8221;2&#8243; top_padding=&#8221;5&#8243; bottom_padding=&#8221;3&#8243; overlay_alpha=&#8221;100&#8243; gutter_size=&#8221;100&#8243; column_width_percent=&#8221;100&#8243; shift_y=&#8221;0&#8243; z_index=&#8221;0&#8243; style=&#8221;inherited&#8221; uncode_shortcode_id=&#8221;279502&#8243;][vc_column column_width_use_pixel=&#8221;yes&#8221; align_horizontal=&#8221;align_center&#8221; gutter_size=&#8221;2&#8243; font_family=&#8221;font-613363&#8243; overlay_alpha=&#8221;50&#8243; shift_x=&#8221;0&#8243; shift_y=&#8221;0&#8243; shift_y_down=&#8221;0&#8243; z_index=&#8221;0&#8243; medium_width=&#8221;0&#8243; mobile_width=&#8221;0&#8243; zoom_width=&#8221;0&#8243; zoom_height=&#8221;0&#8243; width=&#8221;1\/1&#8243; column_width_pixel=&#8221;800&#8243; uncode_shortcode_id=&#8221;126944&#8243;][vc_custom_heading text_color=&#8221;color-prif&#8221; text_font=&#8221;font-134380&#8243; text_weight=&#8221;500&#8243; uncode_shortcode_id=&#8221;155300&#8243; text_color_type=&#8221;uncode-palette&#8221;]Tapparelle Friuli[\/vc_custom_heading][vc_empty_space empty_h=&#8221;4&#8243;][vc_custom_heading text_color=&#8221;color-prif&#8221; heading_semantic=&#8221;h3&#8243; text_font=&#8221;font-134380&#8243; text_weight=&#8221;500&#8243; uncode_shortcode_id=&#8221;169006&#8243; text_color_type=&#8221;uncode-palette&#8221;]Gli oscuranti ideali per la tua casa[\/vc_custom_heading][vc_column_text uncode_shortcode_id=&#8221;815623&#8243;]TGZ Serramenti \u00e8 partner di Tapparelle Friuli, azienda che da oltre venticinque anni si occupa della produzione di sistemi oscuranti funzionali e resistenti. Tapparelle Friuli nasce come supporto della nota ditta emiliana Croci, specializzata nella produzione di profili per tapparelle avvolgibili, chiusure per garage e cassonetti. Grazie alla collaborazione con selezionati fornitori italiani, all\u2019elevata professionalit\u00e0 dello staff e alla qualit\u00e0 dei prodotti offerti\u00a0 \u00e8 oggi un punto di riferimento per l\u2019offerta di oscuranti nel nostro territorio. Gli avvolgibili realizzati dall\u2019azienda sono infatti sicuri ed estremamente affidabili, rivelandosi una soluzione ideale per incrementare l\u2019isolamento termico e acustico degli edifici. Facili da manovrare, resistenti e silenziose, le nostre tapparelle consentono di controllare agevolmente la luminosit\u00e0 interna e rendono anche la casa pi\u00f9 sicura dai tentativi di intrusione.[\/vc_column_text][vc_empty_space empty_h=&#8221;3&#8243;][\/vc_column][\/vc_row][vc_row row_height_percent=&#8221;0&#8243; override_padding=&#8221;yes&#8221; h_padding=&#8221;2&#8243; top_padding=&#8221;4&#8243; bottom_padding=&#8221;2&#8243; back_color=&#8221;color-lxmt&#8221; overlay_alpha=&#8221;50&#8243; gutter_size=&#8221;3&#8243; column_width_percent=&#8221;100&#8243; shift_y=&#8221;0&#8243; z_index=&#8221;0&#8243; uncode_shortcode_id=&#8221;173871&#8243; back_color_type=&#8221;uncode-palette&#8221;][vc_column width=&#8221;1\/1&#8243;][vc_row_inner limit_content=&#8221;&#8221;][vc_column_inner column_width_use_pixel=&#8221;yes&#8221; align_horizontal=&#8221;align_center&#8221; gutter_size=&#8221;2&#8243; style=&#8221;dark&#8221; overlay_alpha=&#8221;50&#8243; shift_x=&#8221;0&#8243; shift_y=&#8221;0&#8243; shift_y_down=&#8221;0&#8243; z_index=&#8221;0&#8243; medium_width=&#8221;0&#8243; mobile_width=&#8221;0&#8243; width=&#8221;1\/1&#8243; uncode_shortcode_id=&#8221;278983&#8243; column_width_pixel=&#8221;740&#8243;][vc_custom_heading text_color=&#8221;color-prif&#8221; heading_semantic=&#8221;h3&#8243; text_size=&#8221;h1&#8243; text_weight=&#8221;500&#8243; uncode_shortcode_id=&#8221;896852&#8243; text_color_type=&#8221;uncode-palette&#8221;]I nostri sistemi di oscuramento assicurano comfort e privacy[\/vc_custom_heading][vc_column_text text_color=&#8221;color-wvjs&#8221; uncode_shortcode_id=&#8221;380076&#8243; text_color_type=&#8221;uncode-palette&#8221;]I nostri avvolgibili sono realizzati da Tapparelle Friuli in diversi materiali: acciaio, plastica, legno e alluminio. Inoltre sono disponibili in varie tipologie di modelli, ciascuna declinabile in un\u2019ampia gamma di colorazioni. Se stai cercando il massimo della robustezza, alluminio e acciaio sono i materiali perfetti: resistenti e indeformabili, assicurano una lunga tenuta del colore e un ottimo grado di abbattimento acustico. Per chi predilige il rapporto qualit\u00e0-prezzo sono le tapparelle in plastica quelle ideali, poich\u00e9 assicurano il giusto grado di isolamento termico a un prezzo contenuto.[\/vc_column_text][vc_empty_space][\/vc_column_inner][\/vc_row_inner][\/vc_column][\/vc_row][vc_row row_height_percent=&#8221;50&#8243; back_color=&#8221;color-xsdn&#8221; overlay_alpha=&#8221;50&#8243; gutter_size=&#8221;3&#8243; column_width_percent=&#8221;100&#8243; shift_y=&#8221;0&#8243; z_index=&#8221;0&#8243; uncode_shortcode_id=&#8221;192599&#8243; back_color_type=&#8221;uncode-palette&#8221;][vc_column column_width_percent=&#8221;100&#8243; gutter_size=&#8221;3&#8243; overlay_alpha=&#8221;50&#8243; shift_x=&#8221;0&#8243; shift_y=&#8221;0&#8243; shift_y_down=&#8221;0&#8243; z_index=&#8221;0&#8243; medium_width=&#8221;0&#8243; mobile_width=&#8221;0&#8243; css_animation=&#8221;left-t-right&#8221; width=&#8221;1\/2&#8243; uncode_shortcode_id=&#8221;674885&#8243;][vc_empty_space][vc_custom_heading text_color=&#8221;color-prif&#8221; heading_semantic=&#8221;h3&#8243; text_weight=&#8221;400&#8243; css_animation=&#8221;left-t-right&#8221; uncode_shortcode_id=&#8221;679667&#8243; text_color_type=&#8221;uncode-palette&#8221;]La nostra offerta comprende anche tapparelle blindate. Questi modelli sono molto pi\u00f9 resistenti rispetto a quelli tradizionali e svolgono anche una preziosa funzione deterrente in ottica anti effrazione.[\/vc_custom_heading][vc_empty_space][\/vc_column][vc_column column_width_percent=&#8221;100&#8243; gutter_size=&#8221;3&#8243; overlay_alpha=&#8221;50&#8243; shift_x=&#8221;0&#8243; shift_y=&#8221;0&#8243; shift_y_down=&#8221;0&#8243; z_index=&#8221;0&#8243; medium_width=&#8221;0&#8243; mobile_width=&#8221;0&#8243; css_animation=&#8221;right-t-left&#8221; width=&#8221;1\/2&#8243; uncode_shortcode_id=&#8221;113301&#8243;][vc_empty_space][vc_column_text css_animation=&#8221;right-t-left&#8221; uncode_shortcode_id=&#8221;192806&#8243;]Da TGZ Serramenti ti offriamo anche una gamma completa di accessori con cui personalizzare tapparelle e avvolgibili: dai sistemi di automazione e motorizzazione ai diversi tipi di cassonetti, potrai completare il foro finestra con prodotti innovativi, affidabilit\u00e0 e in grado di migliorare comfort e risparmio energetico della casa. Passa a trovarci per saperne di pi\u00f9 e scegli la qualit\u00e0 di Tapparelle Friuli per i tuoi nuovi avvolgibili in provincia di Pordenone.[\/vc_column_text][vc_empty_space][\/vc_column][\/vc_row]<\/p>\n<\/div>","protected":false},"excerpt":{"rendered":"<p>[vc_row row_height_percent=&#8221;0&#8243; override_padding=&#8221;yes&#8221; h_padding=&#8221;2&#8243; top_padding=&#8221;5&#8243; bottom_padding=&#8221;3&#8243; overlay_alpha=&#8221;100&#8243; gutter_size=&#8221;100&#8243; column_width_percent=&#8221;100&#8243; shift_y=&#8221;0&#8243; z_index=&#8221;0&#8243; style=&#8221;inherited&#8221; uncode_shortcode_id=&#8221;279502&#8243;][vc_column column_width_use_pixel=&#8221;yes&#8221; align_horizontal=&#8221;align_center&#8221; gutter_size=&#8221;2&#8243; font_family=&#8221;font-613363&#8243; overlay_alpha=&#8221;50&#8243; shift_x=&#8221;0&#8243; shift_y=&#8221;0&#8243; [&hellip;]<\/p>\n","protected":false},"author":1,"featured_media":0,"parent":0,"menu_order":0,"comment_status":"closed","ping_status":"closed","template":"","meta":{"footnotes":""},"class_list":["post-59","page","type-page","status-publish","hentry"],"_links":{"self":[{"href":"https:\/\/tgzserramenti.it\/index.php\/wp-json\/wp\/v2\/pages\/59","targetHints":{"allow":["GET"]}}],"collection":[{"href":"https:\/\/tgzserramenti.it\/index.php\/wp-json\/wp\/v2\/pages"}],"about":[{"href":"https:\/\/tgzserramenti.it\/index.php\/wp-json\/wp\/v2\/types\/page"}],"author":[{"embeddable":true,"href":"https:\/\/tgzserramenti.it\/index.php\/wp-json\/wp\/v2\/users\/1"}],"replies":[{"embeddable":true,"href":"https:\/\/tgzserramenti.it\/index.php\/wp-json\/wp\/v2\/comments?post=59"}],"version-history":[{"count":5,"href":"https:\/\/tgzserramenti.it\/index.php\/wp-json\/wp\/v2\/pages\/59\/revisions"}],"predecessor-version":[{"id":297,"href":"https:\/\/tgzserramenti.it\/index.php\/wp-json\/wp\/v2\/pages\/59\/revisions\/297"}],"wp:attachment":[{"href":"https:\/\/tgzserramenti.it\/index.php\/wp-json\/wp\/v2\/media?parent=59"}],"curies":[{"name":"wp","href":"https:\/\/api.w.org\/{rel}","templated":true}]}}